he units digit of 71205?
5
What is the units digit of 1618?
8
What is the units digit of 49?
9
What is the units digit of 4228?
8
What is the thousands digit of 6418?
6
What is the tens digit of 87205?
0
What is the ten thousands digit of 59153?
5
What is the tens digit of 25348?
4
What is the hundreds digit of 1175?
1
What is the ten thousands digit of 113422?
1
What is the units digit of 824?
4
What is the tens digit of 18783?
8
What is the thousands digit of 8092?
8
What is the units digit of 119?
9
What is the hundreds digit of 10389?
3
What is the units digit of 1677?
7
What is the thousands digit of 85384?
5
What is the thousands digit of 24713?
4
What is the hundreds digit of 454?
4
What is the tens digit of 1268?
6
What is the thousands digit of 1411?
1
What is the ten thousands digit of 10521?
1
What is the thousands digit of 100140?
0
What is the tens digit of 54884?
8
What is the hundreds digit of 9306?
3
What is the hundreds digit of 1170?
1
What is the hundreds digit of 6548?
5
What is the ten thousands digit of 75024?
7
What is the tens digit of 40748?
4
What is the tens digit of 7701?
0
What is the units digit of 1371?
1
What is the ten thousands digit of 26534?
2
What is the tens digit of 44278?
7
What is the units digit of 6464?
4
What is the thousands digit of 5379?
5
What is the thousands digit of 11784?
1
What is the tens digit of 821?
2
What is the thousands digit of 5609?
5
What is the hundreds digit of 101267?
2
What is the tens digit of 76384?
8
What is the hundreds digit of 19480?
4
What is the units digit of 1501?
1
What is the units digit of 8269?
9
What is the tens digit of 196?
9
What is the hundreds digit of 4865?
8
What is the ten thousands digit of 23989?
2
What is the hundreds digit of 17050?
0
What is the thousands digit of 118008?
8
What is the thousands digit of 4982?
4
What is the thousands digit of 22152?
2
What is the hundreds digit of 11650?
6
What is the units digit of 7534?
4
What is the hundreds digit of 139541?
5
What is the hundreds digit of 20509?
5
What is the thousands digit of 21494?
1
What is the units digit of 4387?
7
What is the hundreds digit of 413?
4
What is the tens digit of 845?
4
What is the units digit of 32307?
7
What is the tens digit of 730?
3
What is the units digit of 1302?
2
What is the thousands digit of 79804?
9
What is the hundreds digit of 2994?
9
What is the tens digit of 13734?
3
What is the units digit of 1401?
1
What is the hundreds digit of 1344?
3
What is the tens digit of 696?
9
What is the units digit of 6839?
9
What is the hundreds digit of 12667?
6
What is the units digit of 2359?
9
What is the ten thousands digit of 62321?
6
What is the thousands digit of 3605?
3
What is the units digit of 7271?
1
What is the hundreds digit of 161?
1
What is the tens digit of 20759?
5
What is the hundreds digit of 4140?
1
What is the tens digit of 21532?
3
What is the hundreds digit of 29155?
1
What is the hundreds digit of 595?
5
What is the hundreds digit of 1592?
5
What is the tens digit of 60894?
9
What is the tens digit of 2677?
7
What is the units digit of 884?
4
What is the ten thousands digit of 81126?
8
What is the ten thousands digit of 51419?
5
What is the hundreds digit of 332?
3
What is the tens digit of 47?
4
What is the units digit of 283?
3
What is the tens digit of 4240?
4
What is the tens digit of 2538?
3
What is the hundreds digit of 17159?
1
What is the ten thousands digit of 24036?
2
What is the units digit of 14870?
0
What is the tens digit of 2207?
0
What is the ten thousands digit of 16486?
1
What is the hundreds digit of 5975?
9
What is the tens digit of 69?
6
What is the thousands digit of 5624?
5
What is the tens digit of 127998?
9
What is the tens digit of 190?
9
What is the hundreds digit of 529?
5
What is the hundreds digit of 3399?
3
What is the tens digit of 5914?
1
What is the tens digit of 9107?
0
What is the units digit of 130?
0
What is the ten thousands digit of 135432?
3
What is the hundreds digit of 233?
2
What is the thousands digit of 1714?
1
What is the units digit of 42?
2
What is the thousands digit of 87312?
7
What is the hundreds digit of 20682?
6
What is the units digit of 6606?
6
What is the tens digit of 6243?
4
What is the tens digit of 46141?
4
What is the tens digit of 2040?
4
What is the hundreds digit of 42973?
9
What is the hundreds digit of 6454?
4
What is the units digit of 96880?
0
What is the units digit of 12848?
8
What is the units digit of 20128?
8
What is the tens digit of 67266?
6
What is the units digit of 770?
0
What is the thousands digit of 1291?
1
What is the tens digit of 24661?
6
What is the tens digit of 7535?
3
What is the units digit of 9453?
3
What is the hundreds digit of 221?
2
What is the tens digit of 13156?
5
What is the units digit of 11778?
8
What is the units digit of 9530?
0
What is the ten thousands digit of 38070?
3
What is the tens digit of 4334?
3
What is the tens digit of 6231?
3
What is the hundreds digit of 41397?
3
What is the units digit of 2005?
5
What is the thousands digit of 8297?
8
What is the units digit of 1727?
7
What is the hundreds digit of 4509?
5
What is the thousands digit of 1464?
1
What is the hundreds digit of 2519?
5
What is the hundreds digit of 120557?
5
What is the tens digit of 142?
4
What is the ten thousands digit of 26314?
2
What is the hundreds digit of 28423?
4
What is the units digit of 406?
6
What is the hundred thousands digit of 128101?
1
What is the thousands digit of 4040?
4
What is the thousands digit of 6474?
6
What is the units digit of 3613?
3
What is the units digit of 1213?
3
What is the tens digit of 6767?
6
What is the units digit of 1236?
6
What is the ten thousands digit of 101850?
0
What is the hundreds digit of 2722?
7
What is the ten thousands digit of 50357?
5
What is the hundreds digit of 4128?
1
What is the ten thousands digit of 16152?
1
What is the units digit of 1882?
2
What is the thousands digit of 3713?
3
What is the units digit of 33880?
0
What is the ten thousands digit of 31755?
3
What is the ten thousands digit of 38966?
3
What is the hundreds digit of 1554?
5
What is the thousands digit of 70735?
0
What is the units digit of 1693?
3
What is the thousands digit of 1076?
1
What is the units digit of 15123?
3
What is the units digit of 1?
1
What is the thousands digit of 30238?
0
What is the tens digit of 677?
7
What is the hundreds digit of 35274?
2
What is the hundreds digit of 17997?
9
What is the units digit of 253?
3
What is the units digit of 63227?
7
What is the units digit of 1231?
1
What is the thousands digit of 33611?
3
What is the units digit of 1252?
2
What is the units digit of 2225?
5
What is the hundreds digit of 4137?
1
What is the thousands digit of 1641?
1
What is the thousands digit of 1780?
1
What is the ten thousands digit of 56692?
5
What is the units digit of 1077?
7
What is the tens digit of 5440?
4
What is the thousands digit of 4240?
4
What is the thousands digit of 13912?
3
What is the ten thousands digit of 62613?
6
What is the hundreds digit of 658?
6
What is the hundreds digit of 1820?
8
What is the units digit of 1022?
2
What is the tens digit of 1098?
9
What is the tens digit of 964?
6
What is the tens digit of 9670?
7
What is the tens digit of 4947?
4
What is the hundreds digit of 1514?
5
What is the units digit of 1968?
8
What is the thousands digit of 1919?
1
What is the tens digit of 35171?
7
What is the hundreds digit of 2161?
1
What is the ten thousands digit of 37493?
3
What is the hundreds digit of 3053?
0
What is the tens digit of 1601?
0
What is the thousands digit of 104307?
4
What is the hundreds digit of 5138?
1
What is the units digit of 2462?
2
What is the tens digit of 1399?
9
What is the tens digit of 1403?
0
What is the ten thousands digit of 11084?
1
What is the units digit of 15255?
5
What is the thousands digit of 18437?
8
What is the units digit of 1350?
0
What is the thousands digit of 3010?
3
What is the thousands digit of 45307?
5
What is the thousands digit of 14997?
4
What is the thousands digit of 158346?
8
What is the thousands digit of 4130?
4
What is the units digit of 515?
5
What is the thousands digit of 51825?
1
What is the thousands digit of 17236?
7
What is the t